{"id":604,"date":"2022-05-02T14:23:29","date_gmt":"2022-05-02T13:23:29","guid":{"rendered":"https:\/\/alfet.es\/?page_id=604"},"modified":"2023-05-10T11:55:29","modified_gmt":"2023-05-10T10:55:29","slug":"politica-de-privacitat-i-avis-legal","status":"publish","type":"page","link":"https:\/\/alfet.es\/ca\/politica-de-privacitat-i-avis-legal\/","title":{"rendered":"Pol\u00edtica de Privacitat i Av\u00eds Legal"},"content":{"rendered":"<div class=\"wpb-content-wrapper\"><p>[vc_row][vc_column][vc_empty_space][vc_column_text]<\/p>\n<h2 style=\"text-align: center;\"><strong>Pol\u00edtica de Privacitat<\/strong><\/h2>\n<p><strong>\u00a0<\/strong>La present Pol\u00edtica de Privacitat regula l\u2019\u00faso del sesrvei del portal d\u2019Internet amb adre\u00e7a www.alfet.es, el responsable del qual, a efectes identificatius \u00e9s:<\/p>\n<ul>\n<li>Responsable: ALFET, S.L.<\/li>\n<li>CIF: B58853615<\/li>\n<li>Adre\u00e7a: C\/ Canelones 22 bajos, 08917, Badalona (Barcelona)<\/li>\n<li>Tel\u00e8fon: 934605757<\/li>\n<li>Mail: alfet@alfet.es<\/li>\n<\/ul>\n<h3><strong>Finalitat, \u00bfPer a qu\u00e8 tractem les seves dades?<\/strong><\/h3>\n<p>A efectes d\u2019all\u00f2 previst a l\u2019RGPD de 27 d\u2019abril de 2016, i la LO 3\/2018, tracterem les dades que recollim per a les seg\u00fcents finalitats:<\/p>\n<ul>\n<li>Contactar amb vost\u00e8 en cas que ens ho sol\u00b7liciti.<\/li>\n<li>Gestionar la seva navegaci\u00f3 al web, si escau.<\/li>\n<li>Enviar-li comunicacions comercials sobre els nostres productes i serveis.<\/li>\n<\/ul>\n<p>Per a aix\u00f2, l\u2019usuari disposar\u00e0 d\u2019un formulari de registre, el qual, mitjan\u00e7ant el seu emplenament, legitimar\u00e0 l\u2019usuari a l\u2019acc\u00e9s a determinats serveis oferts al web.<\/p>\n<p>No obstant aix\u00f2, s\u2019informa l\u2019usuari que a qualsevol formulari de contacte ser\u00e0 informat de l\u2019\u00fas que es far\u00e0 de les dades obtingudes i, si s\u00f3n utilitzades per a una finalitat diferent, l\u2019esmentat consentiment s\u2019obtindr\u00e1 pr\u00e8viament i de manera expressa.<\/p>\n<p>Si el consentiment de l\u2019interessat es d\u00f3na en el context d\u2019una declaraci\u00f3 escrita que tamb\u00e9 es refereixi a altres assumptes, la sol\u00b7licitud de consentiment es presentar\u00e0 de tal manera que es distingeixi clarament de la resta d\u2019assumptes, de forma intel\u00b7ligible i de f\u00e0cil acc\u00e9s i fent servir un llenguatge clar i senzill, de conformitat amb l\u2019article 7.2 de l\u2019RGPD de 27 d\u2019abril de 2016.<\/p>\n<h3><strong>Legitimacions, \u00bfQuina \u00e9s la legitimaci\u00f3 per al tractament de les seves dades?<\/strong><\/h3>\n<p>La base legal per al tractament de les seves dades es basar\u00e0 en:<\/p>\n<ul>\n<li>El consentiment de l\u2019interessat, per al tractament de les seves dades, de conformitat amb l\u2019article 6. 1. a) del Reglament General Europeu de Protecci\u00f3 de Dades.<\/li>\n<li>La necess\u00e0ria execuci\u00f3 d\u2019un contracte del qual l\u2019interessat n\u2019\u00e9s part o per a l\u2019aplicaci\u00f3 a petici\u00f3 d\u2019aquest, de mesures precontractuals, de conformitat amb l\u2019article 6. 1. b) del Reglament General Europeu de Protecci\u00f3 de Dades.<\/li>\n<\/ul>\n<h3><strong>Destinataris \u00bfA qui comuniquem les seves dades?<\/strong><\/h3>\n<p>Les dades personals no seran objecte de cessi\u00f3 excepte en el compliment d\u2019obligacions legalment establertes o per a donar suport als serveis vinculats a aquest tractament.<\/p>\n<h3><strong>Conservaci\u00f3, \u00bfDurant quant de temps conservarem les seves dades?<\/strong><\/h3>\n<p>Conservarem les seves dades de car\u00e0cter personal durant almenys 5 anys en cas dque sigui client i per a l\u2019estricte compliment de les obligacions legals establertes a la normativa.<\/p>\n<p>En cas de no ser client conservarem les seves dades el m\u00ednim temps indispensalbe per gestionar la nostra relaci\u00f3.<\/p>\n<h3><strong>Drets, \u00bfQuins s\u00f3n els seus drets quan ens facilita les seves dades?<\/strong><\/h3>\n<p>Qualsevol persona t\u00e9 dret a obtenir confirmaci\u00f3 sobre si s\u2019estan tractant dades personals que li afectin.<\/p>\n<p>Les persones interessades tenen dret a poder accedir a les seves dades personals, aix\u00ed com a sol\u00b7licitar la rectificaci\u00f3 de les dades inexactes o, si escau, sol\u00b7licitar la seva supressi\u00f3 quan, entre altres motius, les dades ja no seran necess\u00e0ries per a les finalitats per a les quals v\u00e0ren ser recollides.<\/p>\n<p>En determinades circumst\u00e0ncies, les persones interessades podran sol\u00b7licitar la limitaci\u00f3 del tractament de les seves dades. En aquesta cas, \u00fanicament les conservarem per a l\u2019exercici o la defensa de les reclamacions.<\/p>\n<p>En determinades circumst\u00e0ncies i per motius relacionats amb la seva situaci\u00f3 particular, les persones interessades es podran oposar al tractament de les seves dades. En aquest cas, deixaran de tractar-se les dades, excepte per motius leg\u00edtims o en l\u2019exercici de la defensa de possibles reclamacions.<\/p>\n<p>Les persones interessades podran sol\u00b7licitar la portabilitat de les dades per tal d\u2019obtenir les dades que han proporcionat en un format estructurat, d\u2019\u00fas com\u00fa i de lectura mec\u00e0nica, per a poder ser descarregades per s\u00ed mateixes o transmeses a una altra entitat.<\/p>\n<p>La persona interessada pot exercir els seus drets adre\u00e7ant un correu electr\u00f2nic a alfet@alfet.es, o b\u00e9 a l\u2019adre\u00e7a f\u00edsica C\/ Canelones 22 bajos, 08917, Badalona (Barcelona).<\/p>\n<h3><strong>Consentiment de menors, \u00bfQu\u00e8 passa si ets menor de edat?<\/strong><\/h3>\n<p>En el cas que alguns dels nostres serveis vagin adre\u00e7ats espec\u00edficament a menors de catorze anys, sol\u00b7licitarem la conformitat dels pares o tutors per a la recollida de les dades personals, o, si escau, per al tractament de automatitzat de les dades de conformitat amb l\u2019article 7 de la LOPDGDD.<\/p>\n<h3><strong>Exactitud, veracitat i seguretat de les dades, \u00bfC\u00f3m tractem les seves dades?<\/strong><\/h3>\n<p>L\u2019usuari \u00e9s l\u2019\u00fanic responsable de la veracitat i correcci\u00f3 de les dades incloses, exonerant-nos de qualsevol responsabilitat al respecte. Els usuaris garanteixen i responen, en qualsevol cas, de l\u2019exactitud, vig\u00e8ncia i autenticitat de les dades personals facilitades i es comprometen a mantenir-les degudament actualitzades. L\u2019usuari accepta informaci\u00f3 completa i correcta en els formularis de registre o subscripci\u00f3. No respondrem de la veracitat de les informacions que no siguin d\u2019elaboraci\u00f3 pr\u00f2pia i dels que s\u2019indiqui una altra font, per la qual cosa, tampoc assumirem cap responsabilitat pel que fa a hipot\u00e8tics perjudicis que puguin originar-se per l\u2019\u00fas d\u2019esmentada informaci\u00f3.<\/p>\n<p>Tamb\u00e9 ens reservem el dret a actualitzar, modificar o eliminar la informaci\u00f3 continguda a la web, podent incl\u00fas limitar o no permetre l\u2019acc\u00e9s a l\u2019esmentada informaci\u00f3.<\/p>\n<p>No serem responsables davant qualsevol dany o perjudici que pogu\u00e9s patir l\u2019usuari com a conseq\u00fc\u00e8ncia d\u2019errades, defectes o omissions a la informaci\u00f3 facilitada per part del responsable sempre que procedeixi de font alienes.<\/p>\n<p>Les dades seran tractades de forma confidencial i sota mesures t\u00e8cniques i organitzatives de seguretat adequades per tal d\u2019evitar la seva alteraci\u00f3, p\u00e8rdua, tractament o acc\u00e9s no autoritzat.<\/p>\n<p>Podr\u00e0 presentar una reclamaci\u00f3 davant l\u2019Ag\u00e8ncia Espanyola de Protecci\u00f3 de Dades, especialment quan no hagi obtingut satisfacci\u00f3 en l\u2019exercici dels seus drets, a l\u2019adre\u00e7a postal o electr\u00f2nica indicada a la p\u00e0gina www.aepd.es.[\/vc_column_text][vc_empty_space][\/vc_column][\/vc_row][vc_row][vc_column][vc_column_text]<\/p>\n<h2 style=\"text-align: center;\"><strong>Av\u00eds legal<\/strong><\/h2>\n<p><strong>\u00a0<\/strong>El present av\u00eds legal regula l&#8217; \u00fas del servei del portal d&#8217; Internet amb adre\u00e7a <a href=\"http:\/\/www.alfet.es\">www.alfet.es<\/a>, el responsable del qual a efectes identificatius \u00e9s:<\/p>\n<ul>\n<li>Responsable: ALFET, S.L.<\/li>\n<li>CIF: B58853615<\/li>\n<li>Adre\u00e7a: C\/ Canelones 22 baixos, 08917, Badalona (Barcelona)<\/li>\n<li>Tel\u00e8fon: 934605757<\/li>\n<li>Mail: alfet@alfet.es<\/li>\n<\/ul>\n<h3><strong>Legislaci\u00f3<\/strong><\/h3>\n<p>Amb car\u00e0cter general les relacions entre ALFET, S.L. amb els Usuaris dels seus serveis telem\u00e0tics, presents a la web, es troben sotmeses a la legislaci\u00f3 i jurisdicci\u00f3 espanyoles.<\/p>\n<p>Les parts renuncien expressament al fur que els pogu\u00e9s correspondre i sotmeten expressament als Jutjats i Tribunals de BADALONA per resoldre qualsevol controv\u00e8rsia que pugui sorgir en la interpretaci\u00f3 o execuci\u00f3 de les presents condicions.<\/p>\n<h3><strong>Contingut i \u00fas<\/strong><\/h3>\n<p>L&#8217;Usuari queda informat, i accepta, que l&#8217;acc\u00e9s a la present web no suposa, de cap manera, l&#8217;inici d&#8217;una relaci\u00f3 comercial amb ALFET, S.L..<\/p>\n<p>El titular del web no s&#8217;identifica amb les opinions abocades en el mateix pels seus col\u00b7laboradors. L&#8217; empresa es reserva el dret d&#8217; efectuar sense previ av\u00eds les modificacions que consideri oportunes en el seu Web, podent canviar, suprimir o afegir tant els continguts i serveis que es prestin a trav\u00e9s de la mateixa com la forma en la qual aquests apareguin presentats o localitzats en els seus servidors.<\/p>\n<h3><strong>Propiedad intelectual e industrial<\/strong><\/h3>\n<p>Los derechos de propiedad intelectual del contenido de las p\u00e1ginas web, su dise\u00f1o gr\u00e1fico y c\u00f3digos son titularidad de ALFET, S.L. y, por tanto, queda prohibida su reproducci\u00f3n, distribuci\u00f3n, comunicaci\u00f3n p\u00fablica, transformaci\u00f3n o cualquier otra actividad que se pueda realizar con los contenidos de sus p\u00e1ginas web ni aun citando las fuentes, salvo consentimiento por escrito de ALFET, S.L.. Todos los nombres comerciales, marcas o signos distintos de cualquier clase contenidos en las p\u00e1ginas web de la Empresa son propiedad de sus due\u00f1os y est\u00e1n protegidos por ley.<\/p>\n<p>Els drets de propietat intel\u00b7lectual del contingut de les p\u00e0gines web, el seu disseny gr\u00e0fic i codis s\u00f3n titularitat d&#8217;ALFET, S.L. i, per tant, queda prohibida la seva reproducci\u00f3, distribuci\u00f3, comunicaci\u00f3 p\u00fablica, transformaci\u00f3 o qualsevol altra activitat que es pugui realitzar amb els continguts de les seves p\u00e0gines web ni tot i citant les fonts, llevat de consentiment per escrit d&#8217;ALFET, S.L.. Tots els noms comercials, marques o signes diferents de qualsevol classe continguts a les p\u00e0gines web de l&#8217;Empresa s\u00f3n propietat dels seus propietaris i estan protegits per llei.<\/p>\n<h3><strong>Enlla\u00e7os (Links)<\/strong><\/h3>\n<p>La pres\u00e8ncia d\u2019enlla\u00e7os (links) a les p\u00e0gines web d\u2019ALFET, S.L. tenen finalitat merament informativa i en cap cas suposa suggeriment, invitaci\u00f3 o recomanaci\u00f3 sobre els mateixos.[\/vc_column_text][vc_empty_space][\/vc_column][\/vc_row]<\/p>\n<\/div>","protected":false},"excerpt":{"rendered":"<p>[vc_row][vc_column][vc_empty_space][vc_column_text] Pol\u00edtica de Privacitat \u00a0La present Pol\u00edtica de Privacitat regula l\u2019\u00faso del sesrvei del portal d\u2019Internet amb adre\u00e7a www.alfet.es, el responsable del qual, a efectes identificatius \u00e9s: Responsable: ALFET, S.L. CIF: B58853615 Adre\u00e7a: C\/ Canelones 22 bajos, 08917, Badalona (Barcelona) Tel\u00e8fon: 934605757 Mail: alfet@alfet.es Finalitat, \u00bfPer a qu\u00e8 tractem les seves dades? A efectes d\u2019all\u00f2 [&hellip;]<\/p>\n","protected":false},"author":1,"featured_media":0,"parent":0,"menu_order":0,"comment_status":"closed","ping_status":"closed","template":"","meta":{"_seopress_robots_primary_cat":"","_seopress_titles_title":"","_seopress_titles_desc":"","_seopress_robots_index":"","footnotes":""},"class_list":["post-604","page","type-page","status-publish","hentry"],"_links":{"self":[{"href":"https:\/\/alfet.es\/ca\/wp-json\/wp\/v2\/pages\/604","targetHints":{"allow":["GET"]}}],"collection":[{"href":"https:\/\/alfet.es\/ca\/wp-json\/wp\/v2\/pages"}],"about":[{"href":"https:\/\/alfet.es\/ca\/wp-json\/wp\/v2\/types\/page"}],"author":[{"embeddable":true,"href":"https:\/\/alfet.es\/ca\/wp-json\/wp\/v2\/users\/1"}],"replies":[{"embeddable":true,"href":"https:\/\/alfet.es\/ca\/wp-json\/wp\/v2\/comments?post=604"}],"version-history":[{"count":2,"href":"https:\/\/alfet.es\/ca\/wp-json\/wp\/v2\/pages\/604\/revisions"}],"predecessor-version":[{"id":608,"href":"https:\/\/alfet.es\/ca\/wp-json\/wp\/v2\/pages\/604\/revisions\/608"}],"wp:attachment":[{"href":"https:\/\/alfet.es\/ca\/wp-json\/wp\/v2\/media?parent=604"}],"curies":[{"name":"wp","href":"https:\/\/api.w.org\/{rel}","templated":true}]}}

Política de Privacitat i Avís Legal

<div class="wpb-content-wrapper"><p>[vc_row][vc_column][vc_empty_space][vc_column_text]</p>
<h2 style="text-align: center;"><strong>Política de Privacitat</strong></h2>
<p><strong> </strong>La present Política de Privacitat regula l’úso del sesrvei del portal d’Internet amb adreça www.alfet.es, el responsable del qual, a efectes identificatius és:</p>
<ul>
<li>Responsable: ALFET, S.L.</li>
<li>CIF: B58853615</li>
<li>Adreça: C/ Canelones 22 bajos, 08917, Badalona (Barcelona)</li>
<li>Telèfon: 934605757</li>
<li>Mail: alfet@alfet.es</li>
</ul>
<h3><strong>Finalitat, ¿Per a què tractem les seves dades?</strong></h3>
<p>A efectes d’allò previst a l’RGPD de 27 d’abril de 2016, i la LO 3/2018, tracterem les dades que recollim per a les següents finalitats:</p>
<ul>
<li>Contactar amb vostè en cas que ens ho sol·liciti.</li>
<li>Gestionar la seva navegació al web, si escau.</li>
<li>Enviar-li comunicacions comercials sobre els nostres productes i serveis.</li>
</ul>
<p>Per a això, l’usuari disposarà d’un formulari de registre, el qual, mitjançant el seu emplenament, legitimarà l’usuari a l’accés a determinats serveis oferts al web.</p>
<p>No obstant això, s’informa l’usuari que a qualsevol formulari de contacte serà informat de l’ús que es farà de les dades obtingudes i, si són utilitzades per a una finalitat diferent, l’esmentat consentiment s’obtindrá prèviament i de manera expressa.</p>
<p>Si el consentiment de l’interessat es dóna en el context d’una declaració escrita que també es refereixi a altres assumptes, la sol·licitud de consentiment es presentarà de tal manera que es distingeixi clarament de la resta d’assumptes, de forma intel·ligible i de fàcil accés i fent servir un llenguatge clar i senzill, de conformitat amb l’article 7.2 de l’RGPD de 27 d’abril de 2016.</p>
<h3><strong>Legitimacions, ¿Quina és la legitimació per al tractament de les seves dades?</strong></h3>
<p>La base legal per al tractament de les seves dades es basarà en:</p>
<ul>
<li>El consentiment de l’interessat, per al tractament de les seves dades, de conformitat amb l’article 6. 1. a) del Reglament General Europeu de Protecció de Dades.</li>
<li>La necessària execució d’un contracte del qual l’interessat n’és part o per a l’aplicació a petició d’aquest, de mesures precontractuals, de conformitat amb l’article 6. 1. b) del Reglament General Europeu de Protecció de Dades.</li>
</ul>
<h3><strong>Destinataris ¿A qui comuniquem les seves dades?</strong></h3>
<p>Les dades personals no seran objecte de cessió excepte en el compliment d’obligacions legalment establertes o per a donar suport als serveis vinculats a aquest tractament.</p>
<h3><strong>Conservació, ¿Durant quant de temps conservarem les seves dades?</strong></h3>
<p>Conservarem les seves dades de caràcter personal durant almenys 5 anys en cas dque sigui client i per a l’estricte compliment de les obligacions legals establertes a la normativa.</p>
<p>En cas de no ser client conservarem les seves dades el mínim temps indispensalbe per gestionar la nostra relació.</p>
<h3><strong>Drets, ¿Quins són els seus drets quan ens facilita les seves dades?</strong></h3>
<p>Qualsevol persona té dret a obtenir confirmació sobre si s’estan tractant dades personals que li afectin.</p>
<p>Les persones interessades tenen dret a poder accedir a les seves dades personals, així com a sol·licitar la rectificació de les dades inexactes o, si escau, sol·licitar la seva supressió quan, entre altres motius, les dades ja no seran necessàries per a les finalitats per a les quals vàren ser recollides.</p>
<p>En determinades circumstàncies, les persones interessades podran sol·licitar la limitació del tractament de les seves dades. En aquesta cas, únicament les conservarem per a l’exercici o la defensa de les reclamacions.</p>
<p>En determinades circumstàncies i per motius relacionats amb la seva situació particular, les persones interessades es podran oposar al tractament de les seves dades. En aquest cas, deixaran de tractar-se les dades, excepte per motius legítims o en l’exercici de la defensa de possibles reclamacions.</p>
<p>Les persones interessades podran sol·licitar la portabilitat de les dades per tal d’obtenir les dades que han proporcionat en un format estructurat, d’ús comú i de lectura mecànica, per a poder ser descarregades per sí mateixes o transmeses a una altra entitat.</p>
<p>La persona interessada pot exercir els seus drets adreçant un correu electrònic a alfet@alfet.es, o bé a l’adreça física C/ Canelones 22 bajos, 08917, Badalona (Barcelona).</p>
<h3><strong>Consentiment de menors, ¿Què passa si ets menor de edat?</strong></h3>
<p>En el cas que alguns dels nostres serveis vagin adreçats específicament a menors de catorze anys, sol·licitarem la conformitat dels pares o tutors per a la recollida de les dades personals, o, si escau, per al tractament de automatitzat de les dades de conformitat amb l’article 7 de la LOPDGDD.</p>
<h3><strong>Exactitud, veracitat i seguretat de les dades, ¿Cóm tractem les seves dades?</strong></h3>
<p>L’usuari és l’únic responsable de la veracitat i correcció de les dades incloses, exonerant-nos de qualsevol responsabilitat al respecte. Els usuaris garanteixen i responen, en qualsevol cas, de l’exactitud, vigència i autenticitat de les dades personals facilitades i es comprometen a mantenir-les degudament actualitzades. L’usuari accepta informació completa i correcta en els formularis de registre o subscripció. No respondrem de la veracitat de les informacions que no siguin d’elaboració pròpia i dels que s’indiqui una altra font, per la qual cosa, tampoc assumirem cap responsabilitat pel que fa a hipotètics perjudicis que puguin originar-se per l’ús d’esmentada informació.</p>
<p>També ens reservem el dret a actualitzar, modificar o eliminar la informació continguda a la web, podent inclús limitar o no permetre l’accés a l’esmentada informació.</p>
<p>No serem responsables davant qualsevol dany o perjudici que pogués patir l’usuari com a conseqüència d’errades, defectes o omissions a la informació facilitada per part del responsable sempre que procedeixi de font alienes.</p>
<p>Les dades seran tractades de forma confidencial i sota mesures tècniques i organitzatives de seguretat adequades per tal d’evitar la seva alteració, pèrdua, tractament o accés no autoritzat.</p>
<p>Podrà presentar una reclamació davant l’Agència Espanyola de Protecció de Dades, especialment quan no hagi obtingut satisfacció en l’exercici dels seus drets, a l’adreça postal o electrònica indicada a la pàgina www.aepd.es.[/vc_column_text][vc_empty_space][/vc_column][/vc_row][vc_row][vc_column][vc_column_text]</p>
<h2 style="text-align: center;"><strong>Avís legal</strong></h2>
<p><strong> </strong>El present avís legal regula l&#8217; ús del servei del portal d&#8217; Internet amb adreça <a href="http://www.alfet.es">www.alfet.es</a>, el responsable del qual a efectes identificatius és:</p>
<ul>
<li>Responsable: ALFET, S.L.</li>
<li>CIF: B58853615</li>
<li>Adreça: C/ Canelones 22 baixos, 08917, Badalona (Barcelona)</li>
<li>Telèfon: 934605757</li>
<li>Mail: alfet@alfet.es</li>
</ul>
<h3><strong>Legislació</strong></h3>
<p>Amb caràcter general les relacions entre ALFET, S.L. amb els Usuaris dels seus serveis telemàtics, presents a la web, es troben sotmeses a la legislació i jurisdicció espanyoles.</p>
<p>Les parts renuncien expressament al fur que els pogués correspondre i sotmeten expressament als Jutjats i Tribunals de BADALONA per resoldre qualsevol controvèrsia que pugui sorgir en la interpretació o execució de les presents condicions.</p>
<h3><strong>Contingut i ús</strong></h3>
<p>L&#8217;Usuari queda informat, i accepta, que l&#8217;accés a la present web no suposa, de cap manera, l&#8217;inici d&#8217;una relació comercial amb ALFET, S.L..</p>
<p>El titular del web no s&#8217;identifica amb les opinions abocades en el mateix pels seus col·laboradors. L&#8217; empresa es reserva el dret d&#8217; efectuar sense previ avís les modificacions que consideri oportunes en el seu Web, podent canviar, suprimir o afegir tant els continguts i serveis que es prestin a través de la mateixa com la forma en la qual aquests apareguin presentats o localitzats en els seus servidors.</p>
<h3><strong>Propiedad intelectual e industrial</strong></h3>
<p>Los derechos de propiedad intelectual del contenido de las páginas web, su diseño gráfico y códigos son titularidad de ALFET, S.L. y, por tanto, queda prohibida su reproducción, distribución, comunicación pública, transformación o cualquier otra actividad que se pueda realizar con los contenidos de sus páginas web ni aun citando las fuentes, salvo consentimiento por escrito de ALFET, S.L.. Todos los nombres comerciales, marcas o signos distintos de cualquier clase contenidos en las páginas web de la Empresa son propiedad de sus dueños y están protegidos por ley.</p>
<p>Els drets de propietat intel·lectual del contingut de les pàgines web, el seu disseny gràfic i codis són titularitat d&#8217;ALFET, S.L. i, per tant, queda prohibida la seva reproducció, distribució, comunicació pública, transformació o qualsevol altra activitat que es pugui realitzar amb els continguts de les seves pàgines web ni tot i citant les fonts, llevat de consentiment per escrit d&#8217;ALFET, S.L.. Tots els noms comercials, marques o signes diferents de qualsevol classe continguts a les pàgines web de l&#8217;Empresa són propietat dels seus propietaris i estan protegits per llei.</p>
<h3><strong>Enllaços (Links)</strong></h3>
<p>La presència d’enllaços (links) a les pàgines web d’ALFET, S.L. tenen finalitat merament informativa i en cap cas suposa suggeriment, invitació o recomanació sobre els mateixos.[/vc_column_text][vc_empty_space][/vc_column][/vc_row]</p>
</div>

<p>[vc_row][vc_column][vc_empty_space][vc_column_text] Política de Privacitat  La present Política de Privacitat regula l’úso del sesrvei del portal d’Internet amb adreça www.alfet.es, el responsable del qual, a efectes identificatius és: Responsable: ALFET, S.L. CIF: B58853615 Adreça: C/ Canelones 22 bajos, 08917, Badalona (Barcelona) Telèfon: 934605757 Mail: alfet@alfet.es Finalitat, ¿Per a què tractem les seves dades? A efectes d’allò [&hellip;]</p>
